rime factors of 1449544606.
2, 131, 5532613
List the prime factors of 659280183.
3, 19, 11566319
List the prime factors of 136041577.
7, 19, 1022869
What are the prime factors of 64476812?
2, 73, 220811
What are the prime factors of 2010466964?
2, 11, 311, 146921
List the prime factors of 393031067.
11, 13, 2748469
What are the prime factors of 87753686?
2, 43876843
List the prime factors of 985555738.
2, 492777869
What are the prime factors of 2380162205?
5, 19, 25054339
What are the prime factors of 832539382?
2, 179, 2325529
List the prime factors of 16983349.
16983349
List the prime factors of 3239716951.
3239716951
List the prime factors of 18776227.
61, 317, 971
What are the prime factors of 53265907?
23, 359, 6451
What are the prime factors of 803741243?
14737, 54539
List the prime factors of 199029200.
2, 5, 17, 29269
List the prime factors of 113399331.
3, 83, 455419
What are the prime factors of 28919763?
3, 23, 139709
List the prime factors of 726987976.
2, 11, 13, 48883
What are the prime factors of 540871828?
2, 7, 1951, 9901
List the prime factors of 18175634.
2, 29, 313373
What are the prime factors of 1836328370?
2, 5, 183632837
What are the prime factors of 74160356?
2, 53, 349813
List the prime factors of 22497914.
2, 499, 22543
List the prime factors of 17985409.
13, 1383493
List the prime factors of 6238407497.
7, 891201071
What are the prime factors of 15198511?
1051, 14461
What are the prime factors of 3884958738?
2, 3, 101, 103, 20747
What are the prime factors of 7277081484?
2, 3, 31, 2383, 8209
List the prime factors of 274967833.
7, 39281119
List the prime factors of 2225650.
2, 5, 7, 6359
What are the prime factors of 6522175069?
17, 2281, 168197
What are the prime factors of 129535431?
3, 29, 47, 79, 401
What are the prime factors of 107072416?
2, 11, 27653
List the prime factors of 31522135.
5, 6304427
What are the prime factors of 20499483?
3, 643, 10627
What are the prime factors of 32369171?
467, 69313
List the prime factors of 848591927.
19, 44662733
List the prime factors of 47727074.
2, 347, 68771
List the prime factors of 859816151.
2953, 291167
List the prime factors of 112892731.
7, 31, 47, 11069
List the prime factors of 21589671.
3, 31, 269, 863
What are the prime factors of 440216703?
3, 673, 72679
What are the prime factors of 1728840602?
2, 17, 53, 349, 2749
List the prime factors of 147859884.
2, 3, 751, 1823
List the prime factors of 254055465.
3, 5, 5645677
What are the prime factors of 109094488?
2, 677, 20143
List the prime factors of 48597993.
3, 5399777
What are the prime factors of 2552602?
2, 13, 31, 3167
List the prime factors of 2769740939.
7, 53, 67, 111427
What are the prime factors of 45228478?
2, 353, 64063
What are the prime factors of 2168895005?
5, 31, 13992871
What are the prime factors of 68457804?
2, 3, 137, 41641
List the prime factors of 53607351.
3, 7, 557, 4583
List the prime factors of 6533661.
3, 17, 128111
What are the prime factors of 271452040?
2, 5, 787, 8623
What are the prime factors of 28210120?
2, 5, 73, 9661
What are the prime factors of 28913629?
1097, 26357
List the prime factors of 563367660.
2, 3, 5, 9389461
What are the prime factors of 230731655?
5, 7, 11, 599303
What are the prime factors of 1597114935?
3, 5, 13, 257, 3541
List the prime factors of 601229359.
61, 9856219
List the prime factors of 967840108.
2, 1249, 193723
List the prime factors of 4038949648.
2, 252434353
List the prime factors of 60499560.
2, 3, 5, 11, 45833
What are the prime factors of 37408187?
37408187
List the prime factors of 281915750.
2, 5, 1127663
What are the prime factors of 254856130?
2, 5, 2281, 11173
List the prime factors of 5201327540.
2, 5, 37, 1531, 4591
What are the prime factors of 834699318?
2, 3, 139116553
What are the prime factors of 2758509326?
2, 1379254663
List the prime factors of 400593409.
223, 293, 6131
List the prime factors of 47752814.
2, 19, 79, 15907
List the prime factors of 1011729252.
2, 3, 19, 4437409
What are the prime factors of 2129080818?
2, 3, 1181, 300463
List the prime factors of 107344864.
2, 11, 23, 13259
What are the prime factors of 36125754?
2, 3, 7, 53, 16229
List the prime factors of 501060137.
3257, 153841
What are the prime factors of 275931248?
2, 31, 556313
List the prime factors of 8821892046.
2, 3, 11, 29, 59, 78121
What are the prime factors of 18363193?
43, 509, 839
List the prime factors of 88627606.
2, 44313803
List the prime factors of 2093125358.
2, 41, 2621, 9739
List the prime factors of 27132987.
3, 7, 137, 9431
What are the prime factors of 488135286?
2, 3, 27118627
List the prime factors of 1343581494.
2, 3, 223930249
List the prime factors of 19341211.
127, 152293
List the prime factors of 299543202.
2, 3, 7, 1019, 2333
List the prime factors of 37511082.
2, 3, 7, 297707
List the prime factors of 80819910.
2, 3, 5, 299333
List the prime factors of 61624868.
2, 2843, 5419
What are the prime factors of 920417900?
2, 5, 31, 296909
List the prime factors of 76594228.
2, 73, 461, 569
What are the prime factors of 3685730531?
7, 59, 8924287
What are the prime factors of 217629979?
7, 23, 1039, 1301
What are the prime factors of 1204246910?
2, 5, 239, 503869
What are the prime factors of 19789218?
2, 3, 366467
What are the prime factors of 463162158?
2, 3, 41, 47, 4451
List the prime factors of 86816476.
2, 271, 283
List the prime factors of 670033219.
670033219
What are the prime factors of 466185599?
11, 101, 419609
List the prime factors of 16870794.
2, 3, 463, 6073
What are the prime factors of 43778591?
23, 811, 2347
List the prime factors of 519829025.
5, 20793161
List the prime factors of 784265589.
3, 29, 41, 83, 883
List the prime factors of 74462261.
17, 4380133
What are the prime factors of 45645497?
1367, 33391
List the prime factors of 38590076.
2, 7, 1378217
What are the prime factors of 1670261863?
23, 211, 344171
List the prime factors of 74721998.
2, 13, 221071
List the prime factors of 28388369.
67, 423707
What are the prime factors of 919086014?
2, 7, 11, 5968091
List the prime factors of 42589308.
2, 3, 293, 12113
What are the prime factors of 1447851238?
2, 723925619
List the prime factors of 51677733.
3, 3373, 5107
List the prime factors of 58421381.
641, 91141
List the prime factors of 1276658128.
2, 97, 822589
What are the prime factors of 55810906?
2, 29, 962257
What are the prime factors of 8724625?
5, 7, 13, 59
What are the prime factors of 263187113?
7, 101, 191, 1949
List the prime factors of 16382321.
16382321
What are the prime factors of 1816298773?
31, 2591, 22613
List the prime factors of 1145524350.
2, 3, 5, 7636829
List the prime factors of 91630153.
17, 1783, 3023
What are the prime factors of 4383187?
41, 106907
List the prime factors of 248822678.
2, 13, 31, 308713
List the prime factors of 134033675.
5, 193, 27779
List the prime factors of 246625655.
5, 49325131
List the prime factors of 826354903.
11, 75123173
What are the prime factors of 41071026?
2, 3, 6845171
What are the prime factors of 117575381?
7, 11, 37, 41269
List the prime factors of 877235071.
17, 6571, 7853
What are the prime factors of 100292880?
2, 3, 5, 23, 18169
What are the prime factors of 3729431764?
2, 47, 19837403
List the prime factors of 4180390156.
2, 1045097539
What are the prime factors of 159629605?
5, 41, 778681
List the prime factors of 2294206905.
3, 5, 152947127
What are the prime factors of 78283610?
2, 5, 19, 412019
What are the prime factors of 1542197802?
2, 3, 257032967
What are the prime factors of 169657743?
3, 29, 1950089
List the prime factors of 61291673.
71, 257, 3359
What are the prime factors of 1502610784?
2, 5119, 9173
What are the prime factors of 500046485?
5, 100009297
What are the prime factors of 1129940299?
37, 1063, 28729
What are the prime factors of 125169734?
2, 71, 881477
List the prime factors of 326816097.
3, 108938699
What are the prime factors of 352964580?
2, 3, 5, 5882743
What are the prime factors of 23820545?
5, 7, 680587
What are the prime factors of 24487432?
2, 3060929
What are the prime factors of 9781167?
3, 11, 43, 61, 113
What are the prime factors of 3219306651?
3, 11, 67, 485347
What are the prime factors of 161262728?
2, 11, 19, 43, 2243
List the prime fac